 t(q) be the first derivative of 1/3*q**3 + 5*q + 2 + 3*q**g. Give t(-5).
0
Let x(g) = -g**2 + 3*g - 4. Let b be (-6)/4*-2 + (8 - 8). Determine x(b).
-4
Let p(k) be the third derivative of k**8/20160 - k**6/180 - k**5/60 + 5*k**2. Let m(j) be the third derivative of p(j). What is m(3)?
5
Let p be -2 + 0/1 - -2. Let w(x) = x**2 - 9 + 4*x + p*x**2 + 3 + 0. Give w(-5).
-1
Let k(s) = s**3 - 11*s**2 - 14*s + 26. Let y be k(12). Let m(u) = u. Let n be 4 + -2*(0 + 1). Let a(r) = 2*r - 1. Let x(t) = n*a(t) - 7*m(t). Calculate x(y).
-8
Let j(c) be the second derivative of -7*c**4/12 - c**2/2 - 5*c. Calculate j(-1).
-8
Let k(o) = -9*o**2 + 6*o - 2. Let g(l) = 5*l**2 - 3*l + 1. Let h(r) = -5*g(r) - 3*k(r). What is h(2)?
3
Let v(m) = m**2 - 3*m + 2. Let p be 88/6*(-15)/(-10). Suppose 0 = 3*c - 2*j - p, 5*j = -c + 3*c - 33. Calculate v(c).
6
Let s(g) = 18*g + 22*g - 5 - 42*g. Determine s(-5).
5
Let g(o) = 2*o + 1. Let t(b) = -b**3 + 8*b**2 + b - 11. Let c be t(8). What is g(c)?
-5
Let o(x) = x**2 + x. Let d be o(-1). Suppose 5*j - 2*j + 12 = d. Let z(k) = 0*k - 2*k - 6 + 0. Calculate z(j).
2
Let n(d) = -d**3 + 4*d + 4. Let q(h) = -h**2 + 6*h - 2. Let f be q(6). Let w(k) = -5*k**3 + 17*k + 17. Let l(v) = f*w(v) + 9*n(v). Give l(-2).
-10
Let s(f) = -3*f - 42. Let z(b) = -b - 12. Let h be -1 + -1 + 1 - 17. Let d(v) = v**3 + 7*v**2 - 2*v - 9. Let q be d(-7). Let c(r) = h*z(r) + q*s(r). Give c(-4).
-6
Let z be (-6 + 7)*2*-3. Let j be (z/18)/(1/(-9)). Let h(p) = -3*p - 1 - 4*p**3 + j*p**3 - p**2 + 2*p. What is h(0)?
-1
Let r(f) = -f**3 + 4 - 6*f + 0*f**3 - 4*f**2 + 3*f + f. What is r(-3)?
1
Let k be 1/(-1 - (-10)/8). Let m(x) = 3*x - 3. Give m(k).
9
Let g(x) be the third derivative of -x**6/60 + x**5/20 - x**4/24 - x**3/3 + 8*x**2. What is g(2)?
-8
Suppose -a + 4*a = -42. Let f be (-23)/(-7) - (-4)/a. Let g(z) = z - 3. Let i(t) = -3*t + 7. Let m(u) = -5*g(u) - 2*i(u). Calculate m(f).
4
Let v = -2 + 5. Suppose -2*f - 9 = 3*b, -b + 6 = -v*b - 4*f. Let o(j) = -j**3 - 3*j**2 + j + 1. Calculate o(b).
-2
Let b(m) = 3*m**2 - 1 - 7*m**2 - m**2. What is b(-1)?
-6
Let h(y) = 5*y - 5. Let n(z) be the third derivative of -z**4/8 + z**3/2 + 2*z**2. Let v(j) = -4*h(j) - 7*n(j). Determine v(4).
3
Let s be (-10)/(-4)*20/25. Suppose c + 3*c = -4*u + 32, 0 = -u + c - s. Let y(k) = -k**3 + 3*k**2 - 3*k. Give y(u).
-9
Let p(u) be the third derivative of u**5/60 + u**4/24 - u**3/3 - 2*u**2. Let o be (1 + -4 - 1) + 2. Give p(o).
0
Let k(l) be the first derivative of l**7/840 - l**6/120 - l**5/40 + l**4/8 + l**3/3 - 5. Let t(u) be the third derivative of k(u). Give t(3).
-6
Let w = 1 + -1. Suppose 15 = 3*o - w*o. Let i(q) = -q + 7 - 6*q + 3*q + 3*q. Calculate i(o).
2
Suppose -2*a = -7*a. Let x(u) be the second derivative of -u**5/20 + u**4/12 - u**2/2 + u. What is x(a)?
-1
Let w(u) be the first derivative of u**4/24 - u**3 + u**2 - 2. Let l(k) be the second derivative of w(k). What is l(5)?
-1
Let m(z) = 4*z - 1. Let v = -44 + 26. Let r be (1/(-3))/(2/v). Suppose 2*d + r = -1. Determine m(d).
-9
Let j(r) be the first derivative of -3/4*r**4 + 6 - 1/3*r**3 + 0*r - 1/2*r**2. Calculate j(-1).
3
Let o(d) = 13*d + 25. Let y be o(-2). Let u(m) = -9*m. Give u(y).
9
Let i(n) be the third derivative of -4*n**2 + 1/24*n**4 + 5/6*n**3 + 0*n + 0. Suppose 3*k + 15 + 3 = 0. Give i(k).
-1
Let w(f) = 2*f**2 + 12*f - 1. Let c(q) = q**2 + 4*q. Let o(h) = -8*c(h) + 3*w(h). Determine o(3).
-9
Let t(f) be the third derivative of f**6/120 + f**5/10 + f**4/6 - f**3/3 + f**2. Let j = 32 + -15. Let w = 12 - j. Calculate t(w).
3
Let w(t) = 5*t**3 + 2*t**2 - 1. Suppose n = -0*n + 4. Let i = -4 + 7. Let u = n - i. Calculate w(u).
6
Let i(s) = s**2 + 7*s + 8. Let y be i(-4). Let q(p) = -3*p**3 - 2*p**2 - 4*p + 5. Let f(g) = 4*g**3 + 2*g**2 + 5*g - 6. Let l(o) = y*f(o) - 5*q(o). Give l(2).
-1
Let h(g) be the second derivative of -g**5/120 - g**4/6 - g**3/2 + 3*g. Let s(i) be the second derivative of h(i). Let t be (-1)/(1 - 8/10). What is s(t)?
1
Suppose 2*g - 4 = g. Let f(l) = 2*l - g*l + 5*l - 1. Suppose r + 0*r - 1 = 0. Determine f(r).
2
Let v be 1 + 0 - 4/1. Let q = -6 - -6. Let w(y) = -2 + 0*y**2 - y**2 - 3*y + q*y. What is w(v)?
-2
Suppose 3*d + 5*b - 5 - 4 = 0, 0 = b. Let w(u) = -u**2 + u - 1 - u**2 + u**2 + 3*u**d. Suppose -4*o + 3 = -1. Determine w(o).
2
Let u(i) = -i + 4*i**2 - 12*i**2 + 5*i**2 + 2*i**2. Determine u(-1).
0
Let g(w) = -w + 5. Suppose 0 = -4*o, 8*z - 3*z - 35 = 4*o. Let c be g(z). Let l(x) be the third derivative of x**5/30 + x**3/3 - x**2. Give l(c).
10
Let u(j) = j**2 + 9*j - 5. Let k(f) = -f**2 + 3*f - 5. Let y be k(4). Let o be u(y). Let w = 6 + o. Let x(v) = -3*v. Give x(w).
-3
Let m(t) = 2*t - 2. Let y be m(3). Let s(i) = -4*i + 6. Calculate s(y).
-10
Let c be (1 - 0)/1 - -2. Let f(g) = 2 - 11 - c*g + 2*g. Let r(m) = -m - 5. Let t be r(0). Give f(t).
-4
Suppose 4*h - 6 = 2. Suppose h*p = 6*p. Let t(f) = -4 + 0 + 3*f + p - f. Give t(3).
2
Suppose 0 = 3*b - 4*w - 13 - 14, 0 = 3*b - w - 18. Let z(p) = p + 4. Determine z(b).
9
Let x be (-9)/(-4) - 1/4. Let z = -2 + x. Suppose -4*p - 2 = p - 2*y, z = 4*p + 4*y + 24. Let s(n) = -n**3 - 2*n**2 - 3*n - 2. What is s(p)?
4
Let k(c) = 0*c**3 - 2*c**3 - c + 0*c**3. Let l(o) = 2*o - 2. Let t(b) = 5*b - 3. Let v(d) = -7*l(d) + 3*t(d). Let r be v(-4). Give k(r).
-3
Let a be 2/3 - (-2)/(-3). Suppose 2*d - 4 = -2. Let r(n) = d - n + 9 - 3*n + 3*n. Calculate r(a).
10
Let p = 15 - 18. Let a(x) be the first derivative of x**2/2 + 4*x + 1. Determine a(p).
1
Let r(o) be the third derivative of -7*o**6/120 - o**5/60 - o**4/24 - o**3/6 - 8*o**2. Suppose -1 = 5*t + 2*g - 3*g, 2*g + 8 = 0. Give r(t).
6
Let o = 0 - -2. Suppose -1 - o = -m. Let y(p) = 5*p**m - p + 4*p**2 - 2 - 3*p**3 - 3*p**3. Calculate y(4).
-6
Let i be (21/70)/((-4)/10)*-12. Let c(r) = r**2 - 8*r - 11. What is c(i)?
-2
Suppose -3*m + 6*m + 18 = -2*t, 2*t + 5*m = -22. Let o(c) = c + 6. Determine o(t).
0
Let z(q) = -q**3 - q + 10. Suppose -6*u = -0*u. What is z(u)?
10
Let q(t) be the third derivative of -t**6/120 - t**5/12 - t**4/24 - t**3/2 + 6*t**2. Let c = 0 + -6. Let g = -11 - c. Give q(g).
2
Suppose 7*r - 2*r - 10 = 0. Let d(c) = -7 - c + 2*c + 6 - c**2. What is d(r)?
-3
Let b(m) = m**2 + m + 8*m**3 + 2 - 1 - 2*m + 0*m**3. What is b(1)?
9
Suppose 0 = 2*k + 3*c + 8 - 26, 3*k + 2*c = 22. Let i(l) = -5 + k + 2 - l - 1. Let o(j) = -j**2 - 3*j + 1. Let s be o(-4). Determine i(s).
5
Let x(q) = q**2 - 4*q + 3. Let c(b) = -b**3 - 2*b**2 + 2*b - 3. Let f be c(-4). Let j = 15 - f. Let z = j - -9. Give x(z).
0
Let b(w) = 3*w**2 + 7*w - 11. Let r(k) = k**2 + 4*k - 5. Let i(l) = -2*b(l) + 5*r(l). What is i(6)?
-3
Let g(i) = -2*i - 2. Suppose -5*x - 4*o + 53 = 0, -2*x - 4*o + 24 = -o. Let h = x - 5. Suppose -h*q + q - 12 = 0. Determine g(q).
6
Let g(h) = -6*h + 4*h + 4*h - 1. Let p(d) be the second derivative of -d**3/6 + d**2/2 + 5*d. Let v(s) = 3*g(s) + 5*p(s). Calculate v(-2).
0
Let i(u) = -3*u**3 + 4*u**3 + u**2 - 2*u**2 + 3*u**2 + 1. Let d(w) = w**2 + 6*w - 10. Let a be (-10 - (0 + -1)) + 2. Let t be d(a). Determine i(t).
-8
Let u = 3 + -1. Suppose -u*t - 1 + 5 = 0. Let i(h) = -3*h**2 + h + 2. Determine i(t).
-8
Let i(u) = u**2 + 6*u + 3. Let w be (-8)/(-12)*(6 - 0). Suppose 3*r - 10 = w*l, r + 18 = -l - 3*l. What is i(r)?
-5
Let k(s) = -27 - 2*s + 21 - s - s**3 + 6*s**2 + 0*s**3. Calculate k(6).
-24
Let c(j) be the third derivative of j**4/24 - 5*j**3/6 - 9*j**2. What is c(5)?
0
Let j(n) = n - 5. Suppose 8*g = 4*g. Determine j(g).
-5
Let v(f) = -2 - 30*f + 17*f + 1 + f**2 + 16*f. Determine v(-4).
3
Let x(g) = g**3 + 5*g**2 + 2*g - 4. Let n be x(-4). Let d(z) = z - 5. Let p(c) = -c + 6. Let m(i) = n*p(i) + 6*d(i). Give m(5).
4
Let w = 22 + -7. Let r = w + -10. Let p(n) = -2*n + 2. Determine p(r).
-8
Let b(c) be the second derivative of 3*c - 3*c**2 - 1/6*c**3 + 0. Determine b(-6).
0
Suppose 8 + 28 = -6*z. Let v be (z + 2 - -1) + -3. Let m(w) = -2*w - 12. Let l(b) = -1. Let a(i) = 5*l(i) - m(i). What is a(v)?
-5
Let z(a) = 3*a**2 - 4*a + 2. Let t(g) = g**2 + 6*g + 2. Let n be t(-6). Calculate z(n).
6
Let v(w) = w - 3 + 4 - 6 - 6. What is v(7)?
-4
Let q(j) be the third derivative of -1/720*j**6 - 1/120*j**5 + 1/12*j**4 + 0 + 0*j + 0*j**3 + j**2. Let b(v) be the second derivative of q(v). What is